752 = 13*h. Let f = -86 - h. What is the tens digit of f?
4
Let o = 12 - 7. Suppose 18 = o*n - 2*n. What is the units digit of (n + 0)*24/18?
8
Let s(i) be the second derivative of -i**5/20 - 7*i**4/3 + 5*i**3/2 + 11*i**2 - 71*i. What is the units digit of s(-29)?
8
Let w = 38 + 20. Suppose 5*x + w = 208. What is the tens digit of 212/3 - x/18?
6
Let y = -4192 - -6219. What is the units digit of y?
7
What is the units digit of (44499/63)/(3/54)?
4
What is the units digit of (10257*(0 - (-1)/3))/((-11)/(-66))?
4
Let g(b) = 6*b**3 - 696*b**2 + 136*b + 571. What is the ten thousands digit of g(116)?
1
Let c(s) = 45*s**2 + 6*s + 6. Let r be ((-16)/(-32))/((-2)/4). What is the units digit of c(r)?
5
Suppose -3*l - 5*y + 7700 = -2*l, 2*l - 15379 = -3*y. What is the tens digit of l?
8
Let k = 16 - 17. Let y be (1 - (-5)/5)/(k/(-2)). Suppose -2*o + 38 = 4*t, 2*t = -y*o + 3 + 25. What is the units digit of t?
8
Suppose -20*c - 37*c + 45*c + 42672 = 0. What is the thousands digit of c?
3
Suppose -25 = -d - 4*d. Suppose -d*i + 66 = -84. What is the tens digit of 12/(-90) + 574/i?
1
Suppose 5*m - 10259 = -809. Suppose -10*j + m = -j. Suppose j = 2*u + u. What is the units digit of u?
0
Suppose 103 = -17*c + 102*c + 613. Let o be 3/4*(16 - 0). What is the units digit of (c/o*11)/(1/(-10))?
5
Let r = -2 - -31. Suppose -4*a - r - 27 = 0. What is the tens digit of (-7)/1*a + 1?
9
Let b = 107 + -20. Let w = b - -120. Let g = w + -75. What is the hundreds digit of g?
1
Let g(a) = 340*a - 558. What is the tens digit of g(26)?
8
Let f be (3/2)/(2/268). Suppose -5*b = 5*h - 45, -2*b - h + 21 = 2*b. Suppose -g - 3*w - 28 = -f, -b*w = -4*g + 676. What is the units digit of g?
0
Let w(q) be the second derivative of q**3/6 + 33*q**2/2 - 22*q. Let k be w(-11). Suppose -2*l + k = -5*g, 2*l + 1 - 47 = -g. What is the tens digit of l?
2
Suppose -78*x + 166*x = 81*x + 188482. What is the units digit of x?
6
Suppose 0 = 3*j + 2*v - 350, v = 2 - 7. Let x be 3 + -5 + j/6. Let b = 45 - x. What is the units digit of b?
7
Let d(h) = -2*h**2 - 58*h + 13. Let v be d(-28). Suppose -2*a - 3*u - 9 - 2 = 0, -25 = 5*u. What is the tens digit of v + (1 - a) - -3?
7
Let o be 32/(-1) - (4 + 0). Let t = o + 31. What is the units digit of (-24)/(-14) + (10/(-7))/t?
2
Suppose 128*m - 43*m - 2748439 = 610336. What is the tens digit of m?
1
Suppose 129*s = 128*s + 5. Suppose 0 = -2*f + 5*i - 3, -s*i - 9 - 51 = 5*f. Let k(z) = z**3 + 10*z**2 - 19. What is the units digit of k(f)?
2
Let u = -1806 - -3025. Suppose 0 = 3*q + 1 - u. What is the hundreds digit of q?
4
Let g(m) be the second derivative of 1/6*m**3 + 0 + 0*m**2 + 1/12*m**4 + 14*m. What is the tens digit of g(5)?
3
Suppose 3*x + x - 1943 = -5*r, 2*r - 766 = 4*x. Suppose 0 = -4*b + 7*b - r. Suppose -4*j = 3*c - 2*j - 154, -3*c = -3*j - b. What is the units digit of c?
8
Let i = 494 - 492. What is the units digit of ((-3)/i)/((-72)/50016)?
2
Suppose 157*t = 154*t - 2334. Let l = t - -2134. What is the thousands digit of l?
1
Let f(k) = 11*k**2 - 5*k - 5. Suppose -4*g - g - 2*w = -14, 5*w - 12 = -g. Suppose -3*p + 4*x - 7 = 0, -5 = -5*p + g*p + x. What is the units digit of f(p)?
9
Let d = -1378 - -2033. Suppose -31 - d = -7*m. What is the units digit of m?
8
Suppose 225*q = -2*t + 228*q + 2163, -3*q - 4317 = -4*t. What is the thousands digit of t?
1
Let g = 153 + -119. Suppose 530 = 6*b - g. What is the tens digit of b?
9
Suppose -2*v = 5*t - 0*v + 3626, 3*t - v = -2169. Let x = -365 - t. What is the units digit of x?
9
Suppose -7*b = -2*b + 4*m - 58, -2*m = -4. Let x = b + -15. Let o(w) = -3*w**3 - 8*w**2 + 7*w + 12. What is the units digit of o(x)?
2
Suppose -4*i - 8 = -6*i. Suppose -2*j = -j + i*x - 118, 0 = 2*j - 5*x - 210. Suppose -36 + j = s. What is the units digit of s?
4
Let b be ((-3)/6)/(3/(-66)). Suppose -b*y + 127 + 346 = 0. What is the tens digit of y?
4
Suppose 0 = -l + 3113 + 1750. What is the tens digit of l?
6
Let c(j) = -j**3 - 22*j**2 - 41*j - 15. Let s be c(-20). Let v be (-2)/s - (-825)/(-125). What is the tens digit of 231/(-6)*20/v?
1
Suppose -2*g + 3*z = 19 - 32, 3*z + 9 = 0. What is the tens digit of (3 - 2709/(-18))*g?
0
Let j(x) = -199*x**3 + 7*x**2 + 22*x + 10. What is the hundreds digit of j(-2)?
5
Let v(j) = -j**3 + 2*j**2 + 34*j + 6. What is the units digit of v(-15)?
1
Let y be ((-3 - 3)*-1)/3. Suppose 3*v - 8 = y*v. What is the units digit of v/3 + 12/(-18)?
2
Suppose 11*c = 2*c + 18. Suppose 6*o - c + 8 = 0. What is the hundreds digit of (-120)/o - 0 - -1?
1
Let x(k) = -k**3 - 4*k**2 + 25*k + 47. Let m be x(-11). Let a = m + -407. What is the tens digit of a?
1
Let r = -4425 - -5361. What is the tens digit of r?
3
Let s(d) be the third derivative of -5*d**4/24 - d**3/2 - 7*d**2. Let m be s(-1). Suppose 0 = m*a - 4 - 42. What is the units digit of a?
3
Suppose -7*m + 5*m = -6. Let n be (m/(-5))/((-9)/45). Suppose 3*c = -7*k + n*k + 154, -4*k = 2*c - 152. What is the tens digit of k?
3
Let m = -81 - -241. Suppose 4*b + b - m = 0. What is the hundreds digit of b/6*663/26?
1
Let p(n) = 2*n**2 - 16*n - 55. Let o be p(18). Let y = o + -136. What is the hundreds digit of y?
1
Let c = -752 + 750. What is the hundreds digit of 162 + c - (-27 + 20)?
1
Let m = 1969 + -307. What is the tens digit of m?
6
Let y = 15167 - 9791. What is the thousands digit of y?
5
Suppose -3*w - a + 250 = 0, 5*w + 2*a - 342 = 74. Let j be (-385)/6 - (-14)/w. Let z = -38 - j. What is the units digit of z?
6
Suppose 4*k = 4*x - 6*x + 8, 3*x + 2*k - 8 = 0. Let u(z) = -z + 10*z + 4 + 0 - z**3 + 0 + 7*z**x. What is the tens digit of u(6)?
9
Let l(u) = -3*u + 20. Let p be l(5). Suppose 3128 = 4*r - 4*v, 24*r - p*v - 1579 = 22*r. What is the units digit of r?
7
Suppose 29112 = 5*w + 2*d - 3*d, -5*d = 5*w - 29130. What is the thousands digit of w?
5
Let y be 21*4 - (-1 + 0). Suppose -123*p + 359 + 133 = 0. Suppose -3*d = p*w - 23, -y = -5*d - 0*d + 5*w. What is the units digit of d?
3
Let u be (-9008)/(-6) - 72/54. Let j = u + -990. What is the units digit of j?
0
Let q be ((-1104)/(-168))/((-1)/(-7)). Suppose q*p - 43629 - 7523 = 0. What is the hundreds digit of p?
1
Let l(k) = k**3 - 17*k**2 - 17*k - 12. Suppose 5*i - 4*c = -0*i + 86, -3*i - 2*c = -56. Let z be l(i). Suppose 54 + 234 = z*d. What is the tens digit of d?
4
Let q(y) = -y**3 + 20*y**2 + 49*y - 35. What is the tens digit of q(20)?
4
Let z = 1328 + 179. What is the tens digit of z?
0
Let f be (2 + 0)*(3 - 2). Suppose 2*p = 4*r + 86, p - 55 = 7*r - f*r. Suppose 4*q = u - p, u + q - 40 = -0*q. What is the units digit of u?
9
Suppose 61820 = 3*c + 5*p, -24*c + 2*p + 82392 = -20*c. What is the ten thousands digit of c?
2
Let f = 1691 + 6268. What is the tens digit of f?
5
Suppose 4*r + 4*m + 0*m - 1292 = 0, -2*m + 1288 = 4*r. Suppose r*c = 326*c - 1260. What is the hundreds digit of c?
2
Let j(b) = 50*b**3 - 2*b**2 + 5*b. Let x(a) = -50*a**3 + a**2 - 5*a - 1. Let q(u) = 4*j(u) + 5*x(u). What is the units digit of q(-2)?
3
Suppose -5*c + 1680 = 9*c. Let k = c - -417. What is the units digit of k?
7
What is the tens digit of (-2)/(2/(-3))*6407/3?
0
What is the units digit of ((-22)/12)/(7/(-4319)) - (-18)/(-108)?
1
Let d be (3 - 8)/(1/(-3)). Let m be 6/d*(-1 + 96). Let q = m - 2. What is the units digit of q?
6
Let i(q) = 87*q**2 - 54*q - 47. What is the units digit of i(-1)?
4
Let h(v) = 9*v + 123. Let p(r) = -44*r - 610. Let w(n) = -22*h(n) - 4*p(n). What is the hundreds digit of w(-40)?
6
Let v(a) = -a**3 + 76*a**2 - 838*a - 69. What is the ten thousands digit of v(57)?
1
Let s be (-29 + 221)*(-1)/(-2). Let d be ((-1)/(-3))/(1/(-69)). Let r = s + d. What is the units digit of r?
3
Let x(y) = 200*y - 38. What is the tens digit of x(15)?
6
Let z be 8/(-12) - (-160)/15. Let q be z - -6*(-3)/9. Suppose 316 = -4*u + q*u. What is the units digit of u?
9
Suppose 0 = -5*t - 23*p + 24*p + 225134, 4*t = -p + 180109. What is the thousands digit of t?
5
What is the units digit of (-26139)/(-3) - (-24)/(-12)?
1
Suppose 0 = -m + 4 + 30. Suppose w = -w + m. What is the units digit of (-94)/(-4) - (w/(-2) + 7)?
5
Let k(p) = 35*p**2 - 23*p - 156. What is the thousands digit of k(-8)?
2
Let z be 23/3 - 35/21. Suppose z*b - 527 = -71. What is the tens digit of b/6 + 17/51?
1
Suppose 0 = 5*n + 3*l